e the prime factors of f?
2, 43
Let x(q) = -32*q**2 + 31*q - 1. Let j be x(3). Let o = j + 246. What are the prime factors of o?
2, 5
Suppose -3*q - 38 = -4*s, 0*q = -q - 4*s - 2. Let z(a) = -2*a**2 + 9*a + 31. Let b be z(q). Let y = -152 - b. List the prime factors of y.
107
Suppose 5*b - 3160 = -0*b. Let h = 1013 - b. List the prime factors of h.
3, 127
Suppose 7*x = 352 - 247. Suppose -x*a + 1442 = -3883. List the prime factors of a.
5, 71
Let b(a) = 314*a + 1205. List the prime factors of b(22).
7, 19, 61
Let g(q) = q**2 + q - 18. Let r be g(-5). Suppose -5*c + y + r*y + 1161 = 0, 5*y = c - 219. List the prime factors of c.
2, 3, 13
Let q = 52 + -46. Let a(x) = 78*x - 1. List the prime factors of a(q).
467
Let s(v) = 26*v**2 + 13*v - 43. Let i = -297 + 302. List the prime factors of s(i).
2, 3, 7
Let q(z) = 5*z - 13. Let d be q(16). Let l = d - 62. Suppose 3*c + l*w = w + 129, -4*c + 182 = 2*w. What are the prime factors of c?
47
Let j(g) = -g**3 - 14*g**2 - 12*g + 16. Let b be j(-13). Let v(r) = 58*r**2 + 8*r - 26. What are the prime factors of v(b)?
2, 5, 13
Let r(n) = -2*n**3 - 11*n**2 + 9*n - 1. Let q be (-568)/24 + (-2)/6. Let s be -4 - 0/(-2) - q/(-8). List the prime factors of r(s).
83
Let i(a) = 52*a**2 - 84*a + 359. What are the prime factors of i(4)?
3, 5, 19
Suppose -4*d = -7*d - 2400. What are the prime factors of (-10)/4*-2 - (d - -3)?
2, 401
Suppose -4*k + 89472 = 4*n, -46577 = -6*n + k + 87638. List the prime factors of n.
22369
Let l(b) = b**3 - 11*b**2 - 282*b + 19. List the prime factors of l(30).
7, 1237
Let b = -300 - -7743. What are the prime factors of b?
3, 827
Suppose 15*y - 12*y - 36889 = 4*a, -4*y + 5*a = -49188. List the prime factors of y.
31, 397
Let s(k) = 598*k + 303. List the prime factors of s(27).
3, 5483
Let i(r) = r**3 + 12*r**2 + 17*r + 51. Let f be i(-11). Let j = f - -340. List the prime factors of j.
5, 13
Suppose 1019*l - 1018*l - 960 = 0. List the prime factors of l.
2, 3, 5
Suppose -47*n = -32*n - 38700. List the prime factors of n.
2, 3, 5, 43
Suppose -6*f + f = -115. Suppose 0 = -25*i + f*i. Suppose 0*s - 9*s + 1512 = i. List the prime factors of s.
2, 3, 7
Let j be (-1)/7 - (-396)/28. Suppose j*q = -11*q + 4725. What are the prime factors of q?
3, 7
Let d = -8629 - -48316. List the prime factors of d.
3, 13229
Let z(c) = 25*c + 52. Let y(r) = -24*r - 50. Let v(p) = -4*y(p) - 3*z(p). What are the prime factors of v(20)?
2, 29
Suppose 103*k - 95*k + 6184 = 0. Let n = 713 - k. What are the prime factors of n?
2, 743
Let l be -4*(-1)/4*5. Suppose l*c - 34 = -4*t, -3*c - t - t = -22. Suppose y - 58 = c. What are the prime factors of y?
2, 17
Let p(n) = n**2 - 11*n - 6. Let c be p(11). Let z(i) = -5*i**2 - i - 70. Let y(j) = j**2 - 1. Let f(a) = c*y(a) - z(a). What are the prime factors of f(0)?
2, 19
Let b(j) = 6*j + 142. Let n be b(5). Let z = 395 - n. What are the prime factors of z?
223
Let v = 1007 + 36839. List the prime factors of v.
2, 127, 149
Let r(c) = c - 2. Let w be r(3). Suppose -3764 = 28*k - 157*k + 3073. List the prime factors of k + (2 - (0 - w)).
2, 7
Suppose f - 219 = 13886 + 1077. What are the prime factors of f?
2, 7591
Suppose j + 7 = -4*i - 6, -4*j - 52 = 4*i. Let a = j - -8. List the prime factors of a/((-10)/368)*2/4.
2, 23
Let q = 81 + -65. Suppose -q*d + 5*d - 11 = 0. List the prime factors of (13/39)/(d/(-213)).
71
Let n = -121 - -123. Let q(l) = -2*l**2 - 9*l - 81 + 2*l**n + 29 + l**2. List the prime factors of q(-6).
2, 19
Let p(r) = 54*r - 208. Suppose 5*y + z = 3 + 49, -3*z = 9. List the prime factors of p(y).
2, 193
Suppose 29*m + 15 = 34*m. Suppose -d - m*d + 5*n - 261 = 0, 3*n + 147 = -2*d. Let a = -34 - d. What are the prime factors of a?
5, 7
What are the prime factors of 10929 - ((-2256)/(-1316))/((-2)/(-14)*-2)?
3, 5
List the prime factors of (-6199)/(4 - (9 - 4)).
6199
Suppose 0 = j - 5, 140 = -4*r + 3*j + 3665. Suppose -5*a + r = -1825. Let q = -387 + a. List the prime factors of q.
5, 31
Suppose 101422 = 4*n - 3*t, -3*n + 4*t + 48894 + 27162 = 0. List the prime factors of n.
2, 5, 317
Let d = -105 + 104. Let a be 0 - (35 - (-1 + 1)). What are the prime factors of (30/(-6) - -6)/(d/a)?
5, 7
Let n(h) be the third derivative of h**6/60 + h**5/15 - h**4/6 - 3*h**3/2 - 19*h**2. Let b be n(-4). What are the prime factors of (9 - 7)/((-1)/(b/2))?
3, 19
Suppose -213 - 219 = 3*r. Let a = -614 - -846. Let j = a + r. What are the prime factors of j?
2, 11
Let q(w) = -2*w - 3. Let t be q(-3). Suppose -958 = -t*b - 0*r + 4*r, 0 = 3*b - 2*r - 962. What are the prime factors of b?
2, 7, 23
Let b = -567 + 918. Let m = -62 + 66. Suppose -b - 213 = -m*c. What are the prime factors of c?
3, 47
Let c(n) = 63*n - 261. What are the prime factors of c(16)?
3, 83
Let b be (-6 + 5 - 0)/((-2)/5128). Suppose 3*f + 266 - b = 0. List the prime factors of f.
2, 383
Suppose y + 22 = 2*c + 4*y, -y = 3*c - 26. What are the prime factors of (-14)/((128/(-632))/c)?
7, 79
List the prime factors of 1*(12363 + 1) - -13.
12377
Let k be ((-1)/5)/((-163)/(-815)). Let b(m) = 2*m**3 + m**2 + 4*m + 6. Let i be b(-5). List the prime factors of (i - (-2)/1)/k.
3, 79
Let l(p) be the third derivative of -p**6/120 - 11*p**5/60 - p**4/24 + p**3/2 - p**2. Let y be l(-11). Suppose a + 6*a - y = 0. What are the prime factors of a?
2
Let p = -3737 - -22874. List the prime factors of p.
3, 6379
Suppose -2*q - 32*q + 23868 = 0. Suppose 1502 = 3*s - 5*y - 624, s = 5*y + q. List the prime factors of s.
2, 89
Let k = 82975 - 40929. What are the prime factors of k?
2, 21023
Suppose 2*r - 9406 + 1262 = 0. List the prime factors of -4*r/(-64)*6.
3, 509
Let h = -10541 + 17701. List the prime factors of h.
2, 5, 179
Let h(k) = 8*k + 13. Let y be h(0). Let c(u) = u**2 + 2*u + 22. List the prime factors of c(y).
7, 31
Suppose w + 321 = 2*v - 2492, -4218 = -3*v + w. List the prime factors of v.
5, 281
Let b(h) = -105*h - 64. Let m = -189 - -179. What are the prime factors of b(m)?
2, 17, 29
Suppose 4*k = 5*n + 2 - 1, -3*k + 12 = 0. List the prime factors of (6777/(-36))/((-4)/32*n).
2, 251
Suppose -172*l + 314024 = -138*l. List the prime factors of l.
2, 2309
Let p(v) = -31*v**3 + 18*v**2 + 13*v + 35. List the prime factors of p(-7).
7, 1637
Let l(b) = -7076*b - 11080. What are the prime factors of l(-6)?
2, 37, 53
Let z(y) = 1. Let p(j) = 5*j - 9. Let d(o) = -p(o) - 2*z(o). Let s be d(-5). What are the prime factors of -29 + s + (135 - (-1 - -2))?
137
Let l(k) = -2*k**3 - 46*k**2 + 120*k - 159. List the prime factors of l(-34).
21193
Let q = 5910 + -2905. Suppose -27*l + 26*l - q = -5*r, 5*r - 2*l - 3000 = 0. List the prime factors of r.
2, 7, 43
Let l be ((-214)/(-2))/(-2*(-11)/(-22)). List the prime factors of ((-3)/(-10)*-694)/(l/535).
3, 347
Suppose 43*c - 50683 - 448072 = -80881. What are the prime factors of c?
2, 43, 113
Let k = -4368 - -5243. What are the prime factors of k?
5, 7
Suppose 2*x = 5*y - 0 - 13, -x + 1 = 0. Suppose -4*a + 5*m = -a - 4147, -a - y*m + 1373 = 0. Suppose 5*d - a = -159. List the prime factors of d.
2, 61
Let x be (-304)/(-6) - (4 + (-70)/21). Let m = -37 + x. Suppose 427 = m*p - 2173. What are the prime factors of p?
2, 5
Let g = -9723 + 13114. What are the prime factors of g?
3391
Let f be (-44)/10 - -1 - 2/(-5). Let q be 6/(45/43 - 1). List the prime factors of q + 3 + -2 - f.
7, 19
Let c(v) = -v**2 - 13*v + 21. Let n be c(-16). Let z = -23 + n. List the prime factors of (25/z)/(1*(-2)/308).
7, 11
Suppose -2*c = 2*f - 372, -13*c + 15*c + 902 = 5*f. Let o = f - 171. What are the prime factors of o?
11
Suppose 180*m - 187*m + 14 = 0. Let x(w) = 128*w**3 - w**2 + 1. Let k be x(1). Suppose k = -m*n + 470. List the prime factors of n.
3, 19
Suppose s - 79 = -4*w, 7*s - 3*s = 4*w - 84. Let o be w/30 - 12/(-9). Suppose 0 = o*a + 4*h - 0*h - 298, -284 = -2*a + 3*h. List the prime factors of a.
5, 29
Suppose -2*l + 7*l + 4*c + 3076 = 0, -4*l = -c + 2444. List the prime factors of (3/5)/(3 - l/(-210)).
7
Suppose 64*t = 130*t - 423060. What are the prime factors of t?
2, 5, 641
Let t = -50052 - -86073. List the prime factors of t.
3, 12007
Suppose -4*z + 2*b - 26208 = -8*z, -3*b = -2*z + 13104. What are the prime factors of z?
2, 3, 7, 13
Let m(o) = 269*o**2 + 17*o - 38. List the prime factors 